{"id":54,"date":"2019-11-02T18:23:14","date_gmt":"2019-11-02T17:23:14","guid":{"rendered":"http:\/\/norwidpasjonaci.pl\/?page_id=54"},"modified":"2019-11-18T19:00:20","modified_gmt":"2019-11-18T18:00:20","slug":"konkursy","status":"publish","type":"page","link":"http:\/\/norwidpasjonaci.pl\/index.php\/bielski-norwid\/konkursy\/","title":{"rendered":"Konkursy"},"content":{"rendered":"\n<p class=\"has-text-align-center\"><strong>Konkursy Norwidowskie organizowane przez Gimnazjum w Bielsku<\/strong>.<\/p>\n\n\n\n<p class=\"has-text-align-center\"> <strong>Konkursy  powiatowe<\/strong><\/p>\n\n\n\n<p class=\"has-text-align-center\">1. Powiatowy konkurs literacki 29 listopada 2001 r. <em>Norwid czytany w XXI wieku<\/em> . Uczestnicy pisali interpretacj\u0119 wierszy Norwida lub przem\u00f3wienia na szkoln\u0105 uroczysto\u015b\u0107 z okazji 180. rocznicy urodzin poety. Zg\u0142oszono og\u00f3\u0142em 61 prac literackich.<\/p>\n\n\n\n<p class=\"has-text-align-center\">2. Powiatowy konkurs plastyczny 29 listopada 2001r.  <em>Daj obraz s\u0142owom Norwida<\/em>. Zg\u0142oszono og\u00f3\u0142em 59 prac plastycznych. Konkursy og\u0142oszono w ramach obchod\u00f3w Roku Norwidowskiego w Bielsku.<\/p>\n\n\n\n<p class=\"has-text-align-center\">3. W marcu 2009  og\u0142oszono I Powiatowy konkurs recytacji wierszy i prozy Cypriana Norwida. Zg\u0142osi\u0142o si\u0119 na konkurs 46 recytator\u00f3w.<\/p>\n\n\n\n<p class=\"has-text-align-center\">Konkurs zrealizowano w ramach <em>Pi\u0119cioletniego programu pracy wok\u00f3\u0142 patrona szko\u0142y na lata 2008\/9-2012\/13<\/em><\/p>\n\n\n\n<p class=\"has-text-align-center\">Stowarzyszenie M\u0142odych Poet\u00f3w im Cypriana  K. Norwida w Gimnazjum w Bielsku.<\/p>\n\n\n\n<p class=\"has-text-align-center\">Termin realizacji: 4 marca 2009 r.<br>Miejsce realizacji: Gimnazjum im. C.K. Norwida w Bielsku,<br>Uczestnicy: 11 gimnazj\u00f3w z terenu powiatu p\u0142ockiego,<br>41 recytator\u00f3w, 25 opiekun\u00f3w.<\/p>\n\n\n\n<p>Wykaz utwor\u00f3w Cypriana K. Norwida w Powiatowym Konkursie Recytacji. Wyboru dokonywali zainteresowani korzystaj\u0105c  z listy utwor\u00f3w (20 wierszy i 4 utwor\u00f3w prozy).<\/p>\n\n\n\n<p class=\"has-text-align-center\"><strong>Wiersze: Tytu\u0142, ilo\u015b\u0107 recytuj\u0105cych<\/strong><\/p>\n\n\n\n<p class=\"has-text-align-center\">&#8211; <em>Moja piosnka<\/em> [I] &#8211; 5,<br>&#8211; <em>Moja piosnka<\/em> [II] &#8211; 11,<br>&#8211; <em>Daj mi wst\u0105\u017ck\u0119 b\u0142\u0119kitn\u0105<\/em> &#8211; 4,<br>&#8211; <em>W Weronie<\/em> &#8211; 2,<br>&#8211; <em>Moja ojczyzna<\/em> &#8211; 5,<br>&#8211; <em>Co\u015b ty Atenom zrobi\u0142 Sokratesie<\/em> &#8211; 1,<br>&#8211; <em>Italiam, Italiam<\/em> &#8211; 1,<br>&#8211; <em>Pielgrzym<\/em> &#8211; 1,<br>&#8211; <em>Bema pami\u0119ci \u017ca\u0142obny rapsod<\/em> &#8211; 1,<br>&#8211; <em>Ruszaj z Bogiem<\/em> &#8211; 4,<br>&#8211; <em>Marionetki<\/em> &#8211; 3, <br>&#8211; <em>Nerwy<\/em> &#8211; 1,<br>&#8211; <em>Sfinks<\/em> &#8211; 1,<\/p>\n\n\n\n<p class=\"has-text-align-center\"><strong>Proza: tytu\u0142, ilo\u015b\u0107 uczestnik\u00f3w recytuj\u0105cych<\/strong>:<\/p>\n\n\n\n<p class=\"has-text-align-center\">&#8211; Garstka piasku &#8211; 1,<\/p>\n\n\n\n<p class=\"has-text-align-center\">W marcu 2011 og\u0142oszono II Powiatowy konkurs recytacji wierszy Norwida. Uczestniczy\u0142o w etapie powiatowym 5 recytator\u00f3w.<\/p>\n\n\n\n<p class=\"has-text-align-center\"><strong>Konkursy szkolne:<\/strong><\/p>\n\n\n\n<p class=\"has-text-align-center\">1. Recytacja wierszy Norwida. W konkursie  zorganizowanym w  2003 r. uczestniczy\u0142o 26 os\u00f3b.<br>2. Konkurs w dniu 28 listopada 2008 r. uczestniczy\u0142o 11 os\u00f3b,<br>3. Do recytacji 18 stycznia 2011 r. zg\u0142osi\u0142o si\u0119 7 os\u00f3b,<br>4. Mi\u0119dzyszkolny konkurs fotograficzny <em>Obraz s\u0142owa Cypriana Norwida i b\u0142. Papie\u017ca Jana<\/em> <em>Paw\u0142a II<\/em>  \u0142\u0105cz\u0105cy my\u015bli Norwida i Papie\u017ca Jana Paw\u0142a II  og\u0142oszono w marcu 2011 r. Zg\u0142osi\u0142o si\u0119 18 uczestnik\u00f3w,<br>Koordynator konkurs\u00f3w szkolnych i powiatowych literackich i recytatorskich: Wioletta \u017b\u00f3rawska.   <br>5. Konkurs plastyczny w 2004 r. Uczniowie wykonywali prace inspirowane tekstami Norwida. Koordynator: Alicja Wojtunik,<\/p>\n","protected":false},"excerpt":{"rendered":"<p>Konkursy Norwidowskie organizowane przez Gimnazjum w Bielsku. Konkursy powiatowe 1. Powiatowy konkurs literacki 29 listopada 2001 r. Norwid czytany w XXI wieku . Uczestnicy pisali interpretacj\u0119 wierszy Norwida lub przem\u00f3wienia na szkoln\u0105 uroczysto\u015b\u0107 z okazji 180. rocznicy urodzin poety. Zg\u0142oszono og\u00f3\u0142em 61 prac literackich. 2. Powiatowy konkurs plastyczny 29 listopada 2001r. Daj obraz s\u0142owom Norwida. [&hellip;]<\/p>\n","protected":false},"author":1,"featured_media":0,"parent":2,"menu_order":4,"comment_status":"closed","ping_status":"closed","template":"","meta":{"footnotes":""},"class_list":["post-54","page","type-page","status-publish","hentry"],"_links":{"self":[{"href":"http:\/\/norwidpasjonaci.pl\/index.php\/wp-json\/wp\/v2\/pages\/54","targetHints":{"allow":["GET"]}}],"collection":[{"href":"http:\/\/norwidpasjonaci.pl\/index.php\/wp-json\/wp\/v2\/pages"}],"about":[{"href":"http:\/\/norwidpasjonaci.pl\/index.php\/wp-json\/wp\/v2\/types\/page"}],"author":[{"embeddable":true,"href":"http:\/\/norwidpasjonaci.pl\/index.php\/wp-json\/wp\/v2\/users\/1"}],"replies":[{"embeddable":true,"href":"http:\/\/norwidpasjonaci.pl\/index.php\/wp-json\/wp\/v2\/comments?post=54"}],"version-history":[{"count":5,"href":"http:\/\/norwidpasjonaci.pl\/index.php\/wp-json\/wp\/v2\/pages\/54\/revisions"}],"predecessor-version":[{"id":584,"href":"http:\/\/norwidpasjonaci.pl\/index.php\/wp-json\/wp\/v2\/pages\/54\/revisions\/584"}],"up":[{"embeddable":true,"href":"http:\/\/norwidpasjonaci.pl\/index.php\/wp-json\/wp\/v2\/pages\/2"}],"wp:attachment":[{"href":"http:\/\/norwidpasjonaci.pl\/index.php\/wp-json\/wp\/v2\/media?parent=54"}],"curies":[{"name":"wp","href":"https:\/\/api.w.org\/{rel}","templated":true}]}}

<p class="has-text-align-center"><strong>Konkursy Norwidowskie organizowane przez Gimnazjum w Bielsku</strong>.</p>



<p class="has-text-align-center"> <strong>Konkursy  powiatowe</strong></p>



<p class="has-text-align-center">1. Powiatowy konkurs literacki 29 listopada 2001 r. <em>Norwid czytany w XXI wieku</em> . Uczestnicy pisali interpretację wierszy Norwida lub przemówienia na szkolną uroczystość z okazji 180. rocznicy urodzin poety. Zgłoszono ogółem 61 prac literackich.</p>



<p class="has-text-align-center">2. Powiatowy konkurs plastyczny 29 listopada 2001r.  <em>Daj obraz słowom Norwida</em>. Zgłoszono ogółem 59 prac plastycznych. Konkursy ogłoszono w ramach obchodów Roku Norwidowskiego w Bielsku.</p>



<p class="has-text-align-center">3. W marcu 2009  ogłoszono I Powiatowy konkurs recytacji wierszy i prozy Cypriana Norwida. Zgłosiło się na konkurs 46 recytatorów.</p>



<p class="has-text-align-center">Konkurs zrealizowano w ramach <em>Pięcioletniego programu pracy wokół patrona szkoły na lata 2008/9-2012/13</em></p>



<p class="has-text-align-center">Stowarzyszenie Młodych Poetów im Cypriana  K. Norwida w Gimnazjum w Bielsku.</p>



<p class="has-text-align-center">Termin realizacji: 4 marca 2009 r.<br>Miejsce realizacji: Gimnazjum im. C.K. Norwida w Bielsku,<br>Uczestnicy: 11 gimnazjów z terenu powiatu płockiego,<br>41 recytatorów, 25 opiekunów.</p>



<p>Wykaz utworów Cypriana K. Norwida w Powiatowym Konkursie Recytacji. Wyboru dokonywali zainteresowani korzystając  z listy utworów (20 wierszy i 4 utworów prozy).</p>



<p class="has-text-align-center"><strong>Wiersze: Tytuł, ilość recytujących</strong></p>



<p class="has-text-align-center">&#8211; <em>Moja piosnka</em> [I] &#8211; 5,<br>&#8211; <em>Moja piosnka</em> [II] &#8211; 11,<br>&#8211; <em>Daj mi wstążkę błękitną</em> &#8211; 4,<br>&#8211; <em>W Weronie</em> &#8211; 2,<br>&#8211; <em>Moja ojczyzna</em> &#8211; 5,<br>&#8211; <em>Coś ty Atenom zrobił Sokratesie</em> &#8211; 1,<br>&#8211; <em>Italiam, Italiam</em> &#8211; 1,<br>&#8211; <em>Pielgrzym</em> &#8211; 1,<br>&#8211; <em>Bema pamięci żałobny rapsod</em> &#8211; 1,<br>&#8211; <em>Ruszaj z Bogiem</em> &#8211; 4,<br>&#8211; <em>Marionetki</em> &#8211; 3, <br>&#8211; <em>Nerwy</em> &#8211; 1,<br>&#8211; <em>Sfinks</em> &#8211; 1,</p>



<p class="has-text-align-center"><strong>Proza: tytuł, ilość uczestników recytujących</strong>:</p>



<p class="has-text-align-center">&#8211; Garstka piasku &#8211; 1,</p>



<p class="has-text-align-center">W marcu 2011 ogłoszono II Powiatowy konkurs recytacji wierszy Norwida. Uczestniczyło w etapie powiatowym 5 recytatorów.</p>



<p class="has-text-align-center"><strong>Konkursy szkolne:</strong></p>



<p class="has-text-align-center">1. Recytacja wierszy Norwida. W konkursie  zorganizowanym w  2003 r. uczestniczyło 26 osób.<br>2. Konkurs w dniu 28 listopada 2008 r. uczestniczyło 11 osób,<br>3. Do recytacji 18 stycznia 2011 r. zgłosiło się 7 osób,<br>4. Międzyszkolny konkurs fotograficzny <em>Obraz słowa Cypriana Norwida i bł. Papieża Jana</em> <em>Pawła II</em>  łączący myśli Norwida i Papieża Jana Pawła II  ogłoszono w marcu 2011 r. Zgłosiło się 18 uczestników,<br>Koordynator konkursów szkolnych i powiatowych literackich i recytatorskich: Wioletta Żórawska.   <br>5. Konkurs plastyczny w 2004 r. Uczniowie wykonywali prace inspirowane tekstami Norwida. Koordynator: Alicja Wojtunik,</p>

<p>Konkursy Norwidowskie organizowane przez Gimnazjum w Bielsku. Konkursy powiatowe 1. Powiatowy konkurs literacki 29 listopada 2001 r. Norwid czytany w XXI wieku . Uczestnicy pisali interpretację wierszy Norwida lub przemówienia na szkolną uroczystość z okazji 180. rocznicy urodzin poety. Zgłoszono ogółem 61 prac literackich. 2. Powiatowy konkurs plastyczny 29 listopada 2001r. Daj obraz słowom Norwida. [&hellip;]</p>
