{"id":474,"date":"2019-11-13T15:51:12","date_gmt":"2019-11-13T14:51:12","guid":{"rendered":"http:\/\/norwidpasjonaci.pl\/?page_id=474"},"modified":"2019-11-22T17:00:42","modified_gmt":"2019-11-22T16:00:42","slug":"norwid-w-gimnazjum-2001-2011","status":"publish","type":"page","link":"http:\/\/norwidpasjonaci.pl\/index.php\/bielski-norwid\/apele-szkolne\/norwid-w-gimnazjum-2001-2011\/","title":{"rendered":"Norwid w gimnazjum 2001-2011"},"content":{"rendered":"\n<figure class=\"wp-block-image is-resized\"><img loading=\"lazy\" decoding=\"async\" src=\"http:\/\/norwidpasjonaci.pl\/wp-content\/uploads\/2019\/11\/DSCF5480-1024x685.jpg\" alt=\"\" class=\"wp-image-476\" width=\"771\" height=\"516\" srcset=\"http:\/\/norwidpasjonaci.pl\/wp-content\/uploads\/2019\/11\/DSCF5480-1024x685.jpg 1024w, http:\/\/norwidpasjonaci.pl\/wp-content\/uploads\/2019\/11\/DSCF5480-300x201.jpg 300w, http:\/\/norwidpasjonaci.pl\/wp-content\/uploads\/2019\/11\/DSCF5480-768x514.jpg 768w, http:\/\/norwidpasjonaci.pl\/wp-content\/uploads\/2019\/11\/DSCF5480-624x418.jpg 624w\" sizes=\"auto, (max-width: 771px) 100vw, 771px\" \/><figcaption> Wioletta \u017b\u00f3rawska koordynator uroczysto\u015bci odczytuje adres okoliczno\u015bciowy ks. dr. Zdzis\u0142awa Struzika dyrektora Instytutu Papie\u017ca Jana Paw\u0142a II w Warszawie skierowany do spo\u0142eczno\u015bci szkolnej z okazji obchod\u00f3w jubileuszu pracy wok\u00f3\u0142 Norwida w gimnazjum Bielsku w dniu 23 maja 2011.&nbsp; <\/figcaption><\/figure>\n\n\n\n<figure class=\"wp-block-image is-resized\"><img loading=\"lazy\" decoding=\"async\" src=\"http:\/\/norwidpasjonaci.pl\/wp-content\/uploads\/2019\/11\/DSCF5568-1024x685.jpg\" alt=\"\" class=\"wp-image-477\" width=\"758\" height=\"507\" srcset=\"http:\/\/norwidpasjonaci.pl\/wp-content\/uploads\/2019\/11\/DSCF5568-1024x685.jpg 1024w, http:\/\/norwidpasjonaci.pl\/wp-content\/uploads\/2019\/11\/DSCF5568-300x201.jpg 300w, http:\/\/norwidpasjonaci.pl\/wp-content\/uploads\/2019\/11\/DSCF5568-768x514.jpg 768w, http:\/\/norwidpasjonaci.pl\/wp-content\/uploads\/2019\/11\/DSCF5568-624x418.jpg 624w\" sizes=\"auto, (max-width: 758px) 100vw, 758px\" \/><figcaption> Organizatorzy, go\u015bcie &nbsp;i uczestnicy mi\u0119dzyszkolnego konkursu fotograficznego podczas uroczysto\u015bci w Bielsku.<br>Fot. R. Gutowski <\/figcaption><\/figure>\n\n\n\n<figure class=\"wp-block-image is-resized\"><img loading=\"lazy\" decoding=\"async\" src=\"http:\/\/norwidpasjonaci.pl\/wp-content\/uploads\/2019\/11\/DSCF5499-1024x685.jpg\" alt=\"\" class=\"wp-image-478\" width=\"752\" height=\"503\" srcset=\"http:\/\/norwidpasjonaci.pl\/wp-content\/uploads\/2019\/11\/DSCF5499-1024x685.jpg 1024w, http:\/\/norwidpasjonaci.pl\/wp-content\/uploads\/2019\/11\/DSCF5499-300x201.jpg 300w, http:\/\/norwidpasjonaci.pl\/wp-content\/uploads\/2019\/11\/DSCF5499-768x514.jpg 768w, http:\/\/norwidpasjonaci.pl\/wp-content\/uploads\/2019\/11\/DSCF5499-624x418.jpg 624w\" sizes=\"auto, (max-width: 752px) 100vw, 752px\" \/><figcaption> Recytatorzy z gimnazjum podczas wyst\u0119pu w hali sportowej. <\/figcaption><\/figure>\n\n\n<a href=\"http:\/\/norwidpasjonaci.pl\/wp-content\/uploads\/2019\/11\/1008_0001.pdf\" class=\"pdfemb-viewer\" style=\"\" data-width=\"max\" data-height=\"max\" data-toolbar=\"bottom\" data-toolbar-fixed=\"off\">1008_0001<\/a>\n<p class=\"wp-block-pdfemb-pdf-embedder-viewer\"><\/p>\n\n\n\n<p class=\"has-small-font-size\">Publikacja dr Wioletty \u017b\u00f3rawskiej dotycz\u0105ca problematyki szkolnego odczytywania tw\u00f3rczo\u015bci Cypriana Norwida zamieszczona na \u0142amach miesi\u0119cznika Katolickiego Stowarzyszenia &#8221; Civitas Christiana&#8221; nr 8-9 (173-174) 2011. <\/p>\n","protected":false},"excerpt":{"rendered":"<p>Publikacja dr Wioletty \u017b\u00f3rawskiej dotycz\u0105ca problematyki szkolnego odczytywania tw\u00f3rczo\u015bci Cypriana Norwida zamieszczona na \u0142amach miesi\u0119cznika Katolickiego Stowarzyszenia &#8221; Civitas Christiana&#8221; nr 8-9 (173-174) 2011.<\/p>\n","protected":false},"author":1,"featured_media":0,"parent":44,"menu_order":4,"comment_status":"closed","ping_status":"closed","template":"","meta":{"footnotes":""},"class_list":["post-474","page","type-page","status-publish","hentry"],"_links":{"self":[{"href":"http:\/\/norwidpasjonaci.pl\/index.php\/wp-json\/wp\/v2\/pages\/474","targetHints":{"allow":["GET"]}}],"collection":[{"href":"http:\/\/norwidpasjonaci.pl\/index.php\/wp-json\/wp\/v2\/pages"}],"about":[{"href":"http:\/\/norwidpasjonaci.pl\/index.php\/wp-json\/wp\/v2\/types\/page"}],"author":[{"embeddable":true,"href":"http:\/\/norwidpasjonaci.pl\/index.php\/wp-json\/wp\/v2\/users\/1"}],"replies":[{"embeddable":true,"href":"http:\/\/norwidpasjonaci.pl\/index.php\/wp-json\/wp\/v2\/comments?post=474"}],"version-history":[{"count":4,"href":"http:\/\/norwidpasjonaci.pl\/index.php\/wp-json\/wp\/v2\/pages\/474\/revisions"}],"predecessor-version":[{"id":563,"href":"http:\/\/norwidpasjonaci.pl\/index.php\/wp-json\/wp\/v2\/pages\/474\/revisions\/563"}],"up":[{"embeddable":true,"href":"http:\/\/norwidpasjonaci.pl\/index.php\/wp-json\/wp\/v2\/pages\/44"}],"wp:attachment":[{"href":"http:\/\/norwidpasjonaci.pl\/index.php\/wp-json\/wp\/v2\/media?parent=474"}],"curies":[{"name":"wp","href":"https:\/\/api.w.org\/{rel}","templated":true}]}}

<figure class="wp-block-image is-resized"><img loading="lazy" decoding="async" src="http://norwidpasjonaci.pl/wp-content/uploads/2019/11/DSCF5480-1024x685.jpg" alt="" class="wp-image-476" width="771" height="516" srcset="http://norwidpasjonaci.pl/wp-content/uploads/2019/11/DSCF5480-1024x685.jpg 1024w, http://norwidpasjonaci.pl/wp-content/uploads/2019/11/DSCF5480-300x201.jpg 300w, http://norwidpasjonaci.pl/wp-content/uploads/2019/11/DSCF5480-768x514.jpg 768w, http://norwidpasjonaci.pl/wp-content/uploads/2019/11/DSCF5480-624x418.jpg 624w" sizes="auto, (max-width: 771px) 100vw, 771px" /><figcaption> Wioletta Żórawska koordynator uroczystości odczytuje adres okolicznościowy ks. dr. Zdzisława Struzika dyrektora Instytutu Papieża Jana Pawła II w Warszawie skierowany do społeczności szkolnej z okazji obchodów jubileuszu pracy wokół Norwida w gimnazjum Bielsku w dniu 23 maja 2011.&nbsp; </figcaption></figure>



<figure class="wp-block-image is-resized"><img loading="lazy" decoding="async" src="http://norwidpasjonaci.pl/wp-content/uploads/2019/11/DSCF5568-1024x685.jpg" alt="" class="wp-image-477" width="758" height="507" srcset="http://norwidpasjonaci.pl/wp-content/uploads/2019/11/DSCF5568-1024x685.jpg 1024w, http://norwidpasjonaci.pl/wp-content/uploads/2019/11/DSCF5568-300x201.jpg 300w, http://norwidpasjonaci.pl/wp-content/uploads/2019/11/DSCF5568-768x514.jpg 768w, http://norwidpasjonaci.pl/wp-content/uploads/2019/11/DSCF5568-624x418.jpg 624w" sizes="auto, (max-width: 758px) 100vw, 758px" /><figcaption> Organizatorzy, goście &nbsp;i uczestnicy międzyszkolnego konkursu fotograficznego podczas uroczystości w Bielsku.<br>Fot. R. Gutowski </figcaption></figure>



<figure class="wp-block-image is-resized"><img loading="lazy" decoding="async" src="http://norwidpasjonaci.pl/wp-content/uploads/2019/11/DSCF5499-1024x685.jpg" alt="" class="wp-image-478" width="752" height="503" srcset="http://norwidpasjonaci.pl/wp-content/uploads/2019/11/DSCF5499-1024x685.jpg 1024w, http://norwidpasjonaci.pl/wp-content/uploads/2019/11/DSCF5499-300x201.jpg 300w, http://norwidpasjonaci.pl/wp-content/uploads/2019/11/DSCF5499-768x514.jpg 768w, http://norwidpasjonaci.pl/wp-content/uploads/2019/11/DSCF5499-624x418.jpg 624w" sizes="auto, (max-width: 752px) 100vw, 752px" /><figcaption> Recytatorzy z gimnazjum podczas występu w hali sportowej. </figcaption></figure>


<a href="http://norwidpasjonaci.pl/wp-content/uploads/2019/11/1008_0001.pdf" class="pdfemb-viewer" style="" data-width="max" data-height="max" data-toolbar="bottom" data-toolbar-fixed="off">1008_0001</a>
<p class="wp-block-pdfemb-pdf-embedder-viewer"></p>



<p class="has-small-font-size">Publikacja dr Wioletty Żórawskiej dotycząca problematyki szkolnego odczytywania twórczości Cypriana Norwida zamieszczona na łamach miesięcznika Katolickiego Stowarzyszenia &#8221; Civitas Christiana&#8221; nr 8-9 (173-174) 2011. </p>

<p>Publikacja dr Wioletty Żórawskiej dotycząca problematyki szkolnego odczytywania twórczości Cypriana Norwida zamieszczona na łamach miesięcznika Katolickiego Stowarzyszenia &#8221; Civitas Christiana&#8221; nr 8-9 (173-174) 2011.</p>
