{"id":386,"date":"2019-11-12T17:48:01","date_gmt":"2019-11-12T16:48:01","guid":{"rendered":"http:\/\/norwidpasjonaci.pl\/?page_id=386"},"modified":"2020-03-12T07:17:20","modified_gmt":"2020-03-12T06:17:20","slug":"rozmowy-o-norwidzie-ojczyzna-praca-piekno-24-wrzesnia-2005-r","status":"publish","type":"page","link":"http:\/\/norwidpasjonaci.pl\/index.php\/wydarzenia-2\/nauka\/rozmowy-o-norwidzie-ojczyzna-praca-piekno-24-wrzesnia-2005-r\/","title":{"rendered":"Rozmowy o Norwidzie. Ojczyzna &#8211; Praca &#8211; Pi\u0119kno w Bielsku, 24 wrze\u015bnia 2005 r."},"content":{"rendered":"\n<p class=\"has-text-align-center\"> W Gminnym O\u015brodku Kultury w Bielsku przy ulicy Glinki 1 odby\u0142o si\u0119 sympozjum. Zaszczycili nas: prof. dr hab. Jadwiga Puzynina z Uniwersytetu Warszawskiego kieruj\u0105ca Pracowni\u0105 S\u0142ownika J\u0119zyka Cypriana Norwida i dr Tomasz Korpysz &#8211; z Uniwersytetu Kardyna\u0142a Stefana Wyszy\u0144skiego w Warszawie.Referaty wyg\u0142osili: dr Katarzyna Beata Olszewska, mgr Danuta Rychlewska, dr Wioletta \u017b\u00f3rawska. Wsp\u00f3\u0142organizator wydarzenia Mazowieckie Centrum Kultury i Sztuki w Warszawie &#8211; reprezentowane w Bielsku przez Pani\u0105 Ann\u0119 Hejman.&nbsp; <\/p>\n\n\n\n<figure class=\"wp-block-image is-resized\"><img loading=\"lazy\" decoding=\"async\" src=\"http:\/\/norwidpasjonaci.pl\/wp-content\/uploads\/2019\/11\/4-nr1187-grupowe-1024x683.jpg\" alt=\"\" class=\"wp-image-389\" width=\"784\" height=\"522\" srcset=\"http:\/\/norwidpasjonaci.pl\/wp-content\/uploads\/2019\/11\/4-nr1187-grupowe-1024x683.jpg 1024w, http:\/\/norwidpasjonaci.pl\/wp-content\/uploads\/2019\/11\/4-nr1187-grupowe-300x200.jpg 300w, http:\/\/norwidpasjonaci.pl\/wp-content\/uploads\/2019\/11\/4-nr1187-grupowe-768x512.jpg 768w, http:\/\/norwidpasjonaci.pl\/wp-content\/uploads\/2019\/11\/4-nr1187-grupowe-624x416.jpg 624w\" sizes=\"auto, (max-width: 784px) 100vw, 784px\" \/><\/figure>\n\n\n<a href=\"http:\/\/norwidpasjonaci.pl\/wp-content\/uploads\/2019\/11\/1006_0001.pdf\" class=\"pdfemb-viewer\" style=\"\" data-width=\"max\" data-height=\"max\" data-toolbar=\"bottom\" data-toolbar-fixed=\"off\">1006_0001<\/a>\n<p class=\"wp-block-pdfemb-pdf-embedder-viewer\"><\/p>\n\n\n\n<p><strong>Tagi:<\/strong> <a href=\"https:\/\/pl.wikipedia.org\/wiki\/Jadwiga_Puzynina\" target=\"_blank\" rel=\"noopener noreferrer\"><font color=\"blue\">prof. dr hab. Jadwiga Puzynina<\/font><\/a>, <a href=\"https:\/\/wnh.uksw.edu.pl\/node\/239\" target=\"_blank\" rel=\"noopener noreferrer\"><font color=\"blue\">dr Tomasz Korpysz<\/font><\/a>, Pracownia S\u0142ownika J\u0119zyka Cypriana Norwida, <a href=\"https:\/\/pl-pl.facebook.com\/pages\/category\/Community-Organization\/Gminny-O%C5%9Brodek-Kultury-w-Bielsku-170193746390304\/\" target=\"_blank\" rel=\"noopener noreferrer\"><font color=\"blue\">Gminny O\u015brodek Kultury w Bielsku<\/font><\/a>, <a href=\"https:\/\/www.mik.waw.pl\/aktualnosci\/item\/141-mazowieckie-centrum-kultury-i-sztuki.html\" target=\"_blank\" rel=\"noopener noreferrer\"><font color=\"blue\">Mazowieckie Centrum Kultury i Sztuki w Warszawie<\/font><\/a><\/p>\n","protected":false},"excerpt":{"rendered":"<p>W Gminnym O\u015brodku Kultury w Bielsku przy ulicy Glinki 1 odby\u0142o si\u0119 sympozjum. Zaszczycili nas: prof. dr hab. Jadwiga Puzynina z Uniwersytetu Warszawskiego kieruj\u0105ca Pracowni\u0105 S\u0142ownika J\u0119zyka Cypriana Norwida i dr Tomasz Korpysz &#8211; z Uniwersytetu Kardyna\u0142a Stefana Wyszy\u0144skiego w Warszawie.Referaty wyg\u0142osili: dr Katarzyna Beata Olszewska, mgr Danuta Rychlewska, dr Wioletta \u017b\u00f3rawska. Wsp\u00f3\u0142organizator wydarzenia Mazowieckie [&hellip;]<\/p>\n","protected":false},"author":1,"featured_media":0,"parent":278,"menu_order":3,"comment_status":"closed","ping_status":"closed","template":"","meta":{"footnotes":""},"class_list":["post-386","page","type-page","status-publish","hentry"],"_links":{"self":[{"href":"http:\/\/norwidpasjonaci.pl\/index.php\/wp-json\/wp\/v2\/pages\/386","targetHints":{"allow":["GET"]}}],"collection":[{"href":"http:\/\/norwidpasjonaci.pl\/index.php\/wp-json\/wp\/v2\/pages"}],"about":[{"href":"http:\/\/norwidpasjonaci.pl\/index.php\/wp-json\/wp\/v2\/types\/page"}],"author":[{"embeddable":true,"href":"http:\/\/norwidpasjonaci.pl\/index.php\/wp-json\/wp\/v2\/users\/1"}],"replies":[{"embeddable":true,"href":"http:\/\/norwidpasjonaci.pl\/index.php\/wp-json\/wp\/v2\/comments?post=386"}],"version-history":[{"count":15,"href":"http:\/\/norwidpasjonaci.pl\/index.php\/wp-json\/wp\/v2\/pages\/386\/revisions"}],"predecessor-version":[{"id":907,"href":"http:\/\/norwidpasjonaci.pl\/index.php\/wp-json\/wp\/v2\/pages\/386\/revisions\/907"}],"up":[{"embeddable":true,"href":"http:\/\/norwidpasjonaci.pl\/index.php\/wp-json\/wp\/v2\/pages\/278"}],"wp:attachment":[{"href":"http:\/\/norwidpasjonaci.pl\/index.php\/wp-json\/wp\/v2\/media?parent=386"}],"curies":[{"name":"wp","href":"https:\/\/api.w.org\/{rel}","templated":true}]}}

Rozmowy o Norwidzie. Ojczyzna &#8211; Praca &#8211; Piękno w Bielsku, 24 września 2005 r.

<p class="has-text-align-center"> W Gminnym Ośrodku Kultury w Bielsku przy ulicy Glinki 1 odbyło się sympozjum. Zaszczycili nas: prof. dr hab. Jadwiga Puzynina z Uniwersytetu Warszawskiego kierująca Pracownią Słownika Języka Cypriana Norwida i dr Tomasz Korpysz &#8211; z Uniwersytetu Kardynała Stefana Wyszyńskiego w Warszawie.Referaty wygłosili: dr Katarzyna Beata Olszewska, mgr Danuta Rychlewska, dr Wioletta Żórawska. Współorganizator wydarzenia Mazowieckie Centrum Kultury i Sztuki w Warszawie &#8211; reprezentowane w Bielsku przez Panią Annę Hejman.&nbsp; </p>



<figure class="wp-block-image is-resized"><img loading="lazy" decoding="async" src="http://norwidpasjonaci.pl/wp-content/uploads/2019/11/4-nr1187-grupowe-1024x683.jpg" alt="" class="wp-image-389" width="784" height="522" srcset="http://norwidpasjonaci.pl/wp-content/uploads/2019/11/4-nr1187-grupowe-1024x683.jpg 1024w, http://norwidpasjonaci.pl/wp-content/uploads/2019/11/4-nr1187-grupowe-300x200.jpg 300w, http://norwidpasjonaci.pl/wp-content/uploads/2019/11/4-nr1187-grupowe-768x512.jpg 768w, http://norwidpasjonaci.pl/wp-content/uploads/2019/11/4-nr1187-grupowe-624x416.jpg 624w" sizes="auto, (max-width: 784px) 100vw, 784px" /></figure>


<a href="http://norwidpasjonaci.pl/wp-content/uploads/2019/11/1006_0001.pdf" class="pdfemb-viewer" style="" data-width="max" data-height="max" data-toolbar="bottom" data-toolbar-fixed="off">1006_0001</a>
<p class="wp-block-pdfemb-pdf-embedder-viewer"></p>



<p><strong>Tagi:</strong> <a href="https://pl.wikipedia.org/wiki/Jadwiga_Puzynina" target="_blank" rel="noopener noreferrer"><font color="blue">prof. dr hab. Jadwiga Puzynina</font></a>, <a href="https://wnh.uksw.edu.pl/node/239" target="_blank" rel="noopener noreferrer"><font color="blue">dr Tomasz Korpysz</font></a>, Pracownia Słownika Języka Cypriana Norwida, <a href="https://pl-pl.facebook.com/pages/category/Community-Organization/Gminny-O%C5%9Brodek-Kultury-w-Bielsku-170193746390304/" target="_blank" rel="noopener noreferrer"><font color="blue">Gminny Ośrodek Kultury w Bielsku</font></a>, <a href="https://www.mik.waw.pl/aktualnosci/item/141-mazowieckie-centrum-kultury-i-sztuki.html" target="_blank" rel="noopener noreferrer"><font color="blue">Mazowieckie Centrum Kultury i Sztuki w Warszawie</font></a></p>

<p>W Gminnym Ośrodku Kultury w Bielsku przy ulicy Glinki 1 odbyło się sympozjum. Zaszczycili nas: prof. dr hab. Jadwiga Puzynina z Uniwersytetu Warszawskiego kierująca Pracownią Słownika Języka Cypriana Norwida i dr Tomasz Korpysz &#8211; z Uniwersytetu Kardynała Stefana Wyszyńskiego w Warszawie.Referaty wygłosili: dr Katarzyna Beata Olszewska, mgr Danuta Rychlewska, dr Wioletta Żórawska. Współorganizator wydarzenia Mazowieckie [&hellip;]</p>
