{"id":2,"date":"2019-11-02T16:07:01","date_gmt":"2019-11-02T15:07:01","guid":{"rendered":"http:\/\/norwidpasjonaci.pl\/?page_id=2"},"modified":"2019-11-29T19:41:33","modified_gmt":"2019-11-29T18:41:33","slug":"bielski-norwid","status":"publish","type":"page","link":"http:\/\/norwidpasjonaci.pl\/index.php\/bielski-norwid\/","title":{"rendered":"Bielski Norwid"},"content":{"rendered":"\n<div class=\"wp-block-image\"><figure class=\"aligncenter is-resized\"><img loading=\"lazy\" decoding=\"async\" src=\"http:\/\/norwidpasjonaci.pl\/wp-content\/uploads\/2019\/11\/gimnazjum-673x1024.jpg\" alt=\"\" class=\"wp-image-11\" width=\"398\" height=\"606\" srcset=\"http:\/\/norwidpasjonaci.pl\/wp-content\/uploads\/2019\/11\/gimnazjum-673x1024.jpg 673w, http:\/\/norwidpasjonaci.pl\/wp-content\/uploads\/2019\/11\/gimnazjum-197x300.jpg 197w, http:\/\/norwidpasjonaci.pl\/wp-content\/uploads\/2019\/11\/gimnazjum-768x1169.jpg 768w, http:\/\/norwidpasjonaci.pl\/wp-content\/uploads\/2019\/11\/gimnazjum-624x950.jpg 624w, http:\/\/norwidpasjonaci.pl\/wp-content\/uploads\/2019\/11\/gimnazjum.jpg 778w\" sizes=\"auto, (max-width: 398px) 100vw, 398px\" \/><\/figure><\/div>\n\n\n\n<figure class=\"wp-block-image size-large is-resized\"><img loading=\"lazy\" decoding=\"async\" src=\"http:\/\/norwidpasjonaci.pl\/wp-content\/uploads\/2019\/11\/CSC_173-1024x680.jpg\" alt=\"\" class=\"wp-image-703\" width=\"835\" height=\"554\" srcset=\"http:\/\/norwidpasjonaci.pl\/wp-content\/uploads\/2019\/11\/CSC_173-1024x680.jpg 1024w, http:\/\/norwidpasjonaci.pl\/wp-content\/uploads\/2019\/11\/CSC_173-300x199.jpg 300w, http:\/\/norwidpasjonaci.pl\/wp-content\/uploads\/2019\/11\/CSC_173-768x510.jpg 768w, http:\/\/norwidpasjonaci.pl\/wp-content\/uploads\/2019\/11\/CSC_173-1536x1020.jpg 1536w, http:\/\/norwidpasjonaci.pl\/wp-content\/uploads\/2019\/11\/CSC_173-624x415.jpg 624w, http:\/\/norwidpasjonaci.pl\/wp-content\/uploads\/2019\/11\/CSC_173.jpg 1600w\" sizes=\"auto, (max-width: 835px) 100vw, 835px\" \/><\/figure>\n\n\n\n<figure class=\"wp-block-image is-resized\"><img loading=\"lazy\" decoding=\"async\" src=\"http:\/\/norwidpasjonaci.pl\/wp-content\/uploads\/2019\/11\/sztandar-1024x680.jpg\" alt=\"\" class=\"wp-image-261\" width=\"859\" height=\"570\" srcset=\"http:\/\/norwidpasjonaci.pl\/wp-content\/uploads\/2019\/11\/sztandar-1024x680.jpg 1024w, http:\/\/norwidpasjonaci.pl\/wp-content\/uploads\/2019\/11\/sztandar-300x199.jpg 300w, http:\/\/norwidpasjonaci.pl\/wp-content\/uploads\/2019\/11\/sztandar-768x510.jpg 768w, http:\/\/norwidpasjonaci.pl\/wp-content\/uploads\/2019\/11\/sztandar-624x415.jpg 624w, http:\/\/norwidpasjonaci.pl\/wp-content\/uploads\/2019\/11\/sztandar.jpg 1600w\" sizes=\"auto, (max-width: 859px) 100vw, 859px\" \/><figcaption> Krystian Tomaszewski podczas Mszy \u015bw. za dusz\u0119 C. Norwida z udzia\u0142em spo\u0142eczno\u015bci szkolnej w ko\u015bciele parafialnym w Bielsku 23 wrze\u015bnia 2018 r. <\/figcaption><\/figure>\n\n\n\n<figure class=\"wp-block-image is-resized\"><img loading=\"lazy\" decoding=\"async\" src=\"http:\/\/norwidpasjonaci.pl\/wp-content\/uploads\/2019\/11\/tablica-1024x661.jpg\" alt=\"\" class=\"wp-image-78\" width=\"909\" height=\"587\" srcset=\"http:\/\/norwidpasjonaci.pl\/wp-content\/uploads\/2019\/11\/tablica-1024x661.jpg 1024w, http:\/\/norwidpasjonaci.pl\/wp-content\/uploads\/2019\/11\/tablica-300x194.jpg 300w, http:\/\/norwidpasjonaci.pl\/wp-content\/uploads\/2019\/11\/tablica-768x496.jpg 768w, http:\/\/norwidpasjonaci.pl\/wp-content\/uploads\/2019\/11\/tablica-624x403.jpg 624w\" sizes=\"auto, (max-width: 909px) 100vw, 909px\" \/><figcaption> Granitowa tablica po\u015bwi\u0119cona patronowi na \u015bcianie korytarza. <\/figcaption><\/figure>\n\n\n\n<p class=\"has-text-align-center\">1. Gimnazjum powo\u0142ano w roku szkolnym 1999\/2000. Funkcjonowa\u0142o ono w Zespole Szk\u00f3\u0142 nr 1 z siedzib\u0105 przy ulicy Drobi\u0144skiej 22 w Bielsku, powiat p\u0142ocki, wojew\u00f3dztwo mazowieckie.<br>2. Otwarcie nowego budynku Gimnazjum w Bielsku przy ul. Sierpeckiej 42 odby\u0142o si\u0119 31 sierpnia 2002 roku.<br>3. Likwidacja Gimnazjum Cypriana Kamila Norwida nast\u0105pi\u0142a w wyniku reformy o\u015bwiaty dnia 31 sierpnia 2019 roku.<\/p>\n\n\n\n<p class=\"has-text-align-center\">Uchwa\u0142\u0105 Rady Gminy Bielsk 22 kwietnia 2004 roku nadano imi\u0119 szkole. Po\u015bwi\u0119cenie Sztandaru Szko\u0142y nast\u0105pi\u0142o 20 maja 2005 roku<\/p>\n\n\n\n<p class=\"has-text-align-center\">Inicjatork\u0105 nadania gimnazjum imienia Cypriana Norwida oraz autork\u0105 kampanii promuj\u0105cej tego poet\u0119 i koordynatork\u0105 pracy wok\u00f3\u0142 patrona szko\u0142y jest dr Wioletta \u017b\u00f3rawska.<\/p>\n\n\n<a href=\"http:\/\/norwidpasjonaci.pl\/wp-content\/uploads\/2019\/11\/Uchwala.pdf\" class=\"pdfemb-viewer\" style=\"\" data-width=\"max\" data-height=\"max\" data-toolbar=\"bottom\" data-toolbar-fixed=\"off\">Uchwala<\/a>\n<p class=\"wp-block-pdfemb-pdf-embedder-viewer\"><\/p>\n","protected":false},"excerpt":{"rendered":"<p>1. Gimnazjum powo\u0142ano w roku szkolnym 1999\/2000. Funkcjonowa\u0142o ono w Zespole Szk\u00f3\u0142 nr 1 z siedzib\u0105 przy ulicy Drobi\u0144skiej 22 w Bielsku, powiat p\u0142ocki, wojew\u00f3dztwo mazowieckie.2. Otwarcie nowego budynku Gimnazjum w Bielsku przy ul. Sierpeckiej 42 odby\u0142o si\u0119 31 sierpnia 2002 roku.3. Likwidacja Gimnazjum Cypriana Kamila Norwida nast\u0105pi\u0142a w wyniku reformy o\u015bwiaty dnia 31 sierpnia [&hellip;]<\/p>\n","protected":false},"author":1,"featured_media":0,"parent":0,"menu_order":0,"comment_status":"closed","ping_status":"closed","template":"","meta":{"footnotes":""},"class_list":["post-2","page","type-page","status-publish","hentry"],"_links":{"self":[{"href":"http:\/\/norwidpasjonaci.pl\/index.php\/wp-json\/wp\/v2\/pages\/2","targetHints":{"allow":["GET"]}}],"collection":[{"href":"http:\/\/norwidpasjonaci.pl\/index.php\/wp-json\/wp\/v2\/pages"}],"about":[{"href":"http:\/\/norwidpasjonaci.pl\/index.php\/wp-json\/wp\/v2\/types\/page"}],"author":[{"embeddable":true,"href":"http:\/\/norwidpasjonaci.pl\/index.php\/wp-json\/wp\/v2\/users\/1"}],"replies":[{"embeddable":true,"href":"http:\/\/norwidpasjonaci.pl\/index.php\/wp-json\/wp\/v2\/comments?post=2"}],"version-history":[{"count":10,"href":"http:\/\/norwidpasjonaci.pl\/index.php\/wp-json\/wp\/v2\/pages\/2\/revisions"}],"predecessor-version":[{"id":704,"href":"http:\/\/norwidpasjonaci.pl\/index.php\/wp-json\/wp\/v2\/pages\/2\/revisions\/704"}],"wp:attachment":[{"href":"http:\/\/norwidpasjonaci.pl\/index.php\/wp-json\/wp\/v2\/media?parent=2"}],"curies":[{"name":"wp","href":"https:\/\/api.w.org\/{rel}","templated":true}]}}

<div class="wp-block-image"><figure class="aligncenter is-resized"><img loading="lazy" decoding="async" src="http://norwidpasjonaci.pl/wp-content/uploads/2019/11/gimnazjum-673x1024.jpg" alt="" class="wp-image-11" width="398" height="606" srcset="http://norwidpasjonaci.pl/wp-content/uploads/2019/11/gimnazjum-673x1024.jpg 673w, http://norwidpasjonaci.pl/wp-content/uploads/2019/11/gimnazjum-197x300.jpg 197w, http://norwidpasjonaci.pl/wp-content/uploads/2019/11/gimnazjum-768x1169.jpg 768w, http://norwidpasjonaci.pl/wp-content/uploads/2019/11/gimnazjum-624x950.jpg 624w, http://norwidpasjonaci.pl/wp-content/uploads/2019/11/gimnazjum.jpg 778w" sizes="auto, (max-width: 398px) 100vw, 398px" /></figure></div>



<figure class="wp-block-image size-large is-resized"><img loading="lazy" decoding="async" src="http://norwidpasjonaci.pl/wp-content/uploads/2019/11/CSC_173-1024x680.jpg" alt="" class="wp-image-703" width="835" height="554" srcset="http://norwidpasjonaci.pl/wp-content/uploads/2019/11/CSC_173-1024x680.jpg 1024w, http://norwidpasjonaci.pl/wp-content/uploads/2019/11/CSC_173-300x199.jpg 300w, http://norwidpasjonaci.pl/wp-content/uploads/2019/11/CSC_173-768x510.jpg 768w, http://norwidpasjonaci.pl/wp-content/uploads/2019/11/CSC_173-1536x1020.jpg 1536w, http://norwidpasjonaci.pl/wp-content/uploads/2019/11/CSC_173-624x415.jpg 624w, http://norwidpasjonaci.pl/wp-content/uploads/2019/11/CSC_173.jpg 1600w" sizes="auto, (max-width: 835px) 100vw, 835px" /></figure>



<figure class="wp-block-image is-resized"><img loading="lazy" decoding="async" src="http://norwidpasjonaci.pl/wp-content/uploads/2019/11/sztandar-1024x680.jpg" alt="" class="wp-image-261" width="859" height="570" srcset="http://norwidpasjonaci.pl/wp-content/uploads/2019/11/sztandar-1024x680.jpg 1024w, http://norwidpasjonaci.pl/wp-content/uploads/2019/11/sztandar-300x199.jpg 300w, http://norwidpasjonaci.pl/wp-content/uploads/2019/11/sztandar-768x510.jpg 768w, http://norwidpasjonaci.pl/wp-content/uploads/2019/11/sztandar-624x415.jpg 624w, http://norwidpasjonaci.pl/wp-content/uploads/2019/11/sztandar.jpg 1600w" sizes="auto, (max-width: 859px) 100vw, 859px" /><figcaption> Krystian Tomaszewski podczas Mszy św. za duszę C. Norwida z udziałem społeczności szkolnej w kościele parafialnym w Bielsku 23 września 2018 r. </figcaption></figure>



<figure class="wp-block-image is-resized"><img loading="lazy" decoding="async" src="http://norwidpasjonaci.pl/wp-content/uploads/2019/11/tablica-1024x661.jpg" alt="" class="wp-image-78" width="909" height="587" srcset="http://norwidpasjonaci.pl/wp-content/uploads/2019/11/tablica-1024x661.jpg 1024w, http://norwidpasjonaci.pl/wp-content/uploads/2019/11/tablica-300x194.jpg 300w, http://norwidpasjonaci.pl/wp-content/uploads/2019/11/tablica-768x496.jpg 768w, http://norwidpasjonaci.pl/wp-content/uploads/2019/11/tablica-624x403.jpg 624w" sizes="auto, (max-width: 909px) 100vw, 909px" /><figcaption> Granitowa tablica poświęcona patronowi na ścianie korytarza. </figcaption></figure>



<p class="has-text-align-center">1. Gimnazjum powołano w roku szkolnym 1999/2000. Funkcjonowało ono w Zespole Szkół nr 1 z siedzibą przy ulicy Drobińskiej 22 w Bielsku, powiat płocki, województwo mazowieckie.<br>2. Otwarcie nowego budynku Gimnazjum w Bielsku przy ul. Sierpeckiej 42 odbyło się 31 sierpnia 2002 roku.<br>3. Likwidacja Gimnazjum Cypriana Kamila Norwida nastąpiła w wyniku reformy oświaty dnia 31 sierpnia 2019 roku.</p>



<p class="has-text-align-center">Uchwałą Rady Gminy Bielsk 22 kwietnia 2004 roku nadano imię szkole. Poświęcenie Sztandaru Szkoły nastąpiło 20 maja 2005 roku</p>



<p class="has-text-align-center">Inicjatorką nadania gimnazjum imienia Cypriana Norwida oraz autorką kampanii promującej tego poetę i koordynatorką pracy wokół patrona szkoły jest dr Wioletta Żórawska.</p>


<a href="http://norwidpasjonaci.pl/wp-content/uploads/2019/11/Uchwala.pdf" class="pdfemb-viewer" style="" data-width="max" data-height="max" data-toolbar="bottom" data-toolbar-fixed="off">Uchwala</a>
<p class="wp-block-pdfemb-pdf-embedder-viewer"></p>

<p>1. Gimnazjum powołano w roku szkolnym 1999/2000. Funkcjonowało ono w Zespole Szkół nr 1 z siedzibą przy ulicy Drobińskiej 22 w Bielsku, powiat płocki, województwo mazowieckie.2. Otwarcie nowego budynku Gimnazjum w Bielsku przy ul. Sierpeckiej 42 odbyło się 31 sierpnia 2002 roku.3. Likwidacja Gimnazjum Cypriana Kamila Norwida nastąpiła w wyniku reformy oświaty dnia 31 sierpnia [&hellip;]</p>
