{"id":1101,"date":"2020-09-20T10:24:06","date_gmt":"2020-09-20T08:24:06","guid":{"rendered":"http:\/\/norwidpasjonaci.pl\/?page_id=1101"},"modified":"2020-09-20T10:46:56","modified_gmt":"2020-09-20T08:46:56","slug":"promocja-ksiazki-bielski-norwid","status":"publish","type":"page","link":"http:\/\/norwidpasjonaci.pl\/index.php\/wydarzenia-2\/nauka\/promocja-ksiazki-bielski-norwid\/","title":{"rendered":"Promocja ksi\u0105\u017cki &#8222;Bielski Norwid&#8221;"},"content":{"rendered":"\n<figure class=\"wp-block-image size-large\"><img loading=\"lazy\" decoding=\"async\" width=\"684\" height=\"1024\" src=\"http:\/\/norwidpasjonaci.pl\/wp-content\/uploads\/2019\/11\/1009_0001-1-684x1024.jpg\" alt=\"\" class=\"wp-image-544\" srcset=\"http:\/\/norwidpasjonaci.pl\/wp-content\/uploads\/2019\/11\/1009_0001-1-684x1024.jpg 684w, http:\/\/norwidpasjonaci.pl\/wp-content\/uploads\/2019\/11\/1009_0001-1-200x300.jpg 200w, http:\/\/norwidpasjonaci.pl\/wp-content\/uploads\/2019\/11\/1009_0001-1-768x1149.jpg 768w, http:\/\/norwidpasjonaci.pl\/wp-content\/uploads\/2019\/11\/1009_0001-1-1026x1536.jpg 1026w, http:\/\/norwidpasjonaci.pl\/wp-content\/uploads\/2019\/11\/1009_0001-1-624x934.jpg 624w, http:\/\/norwidpasjonaci.pl\/wp-content\/uploads\/2019\/11\/1009_0001-1.jpg 1176w\" sizes=\"auto, (max-width: 684px) 100vw, 684px\" \/><figcaption>Promocja ksi\u0105\u017cki\u00a0<em>Bielski Norwid<\/em>\u00a0odby\u0142a si\u0119 w Gminnym O\u015brodku Kultury w Bielsku 7 maja 2005 r. W\u015br\u00f3d zaproszonych go\u015bci byli przedstawiciele Spo\u0142ecznego Komitetu Budowy Pomnika Norwida w Warszawie: Piotr Rotkiewicz (przewodnicz\u0105cy) i Adam Szyma\u0144ski, uczniowie i absolwenci gimnazjum &#8211; cz\u0142onkowie Stowarzyszenia M\u0142odych Poet\u00f3w im. Cypriana Norwida w Gimnazjum w Bielsku, rodzina, nauczyciele, znajomi \u00a0autorki oraz mieszka\u0144cy gminy Bielsk.<br>Promocja ksi\u0105\u017cki mia\u0142a charakter wywiadu. Dziennikarz Leszek Skierski prowadzi\u0142 rozmow\u0119 z Wiolett\u0105 \u017b\u00f3rawsk\u0105. Uroczysto\u015b\u0107 przebiega\u0142a w przyjaznej atmosferze. Od\u015bpiewano\u00a0Sto lat\u00a0 dla autorki.<\/figcaption><\/figure>\n","protected":false},"excerpt":{"rendered":"","protected":false},"author":1,"featured_media":0,"parent":278,"menu_order":1,"comment_status":"closed","ping_status":"closed","template":"","meta":{"footnotes":""},"class_list":["post-1101","page","type-page","status-publish","hentry"],"_links":{"self":[{"href":"http:\/\/norwidpasjonaci.pl\/index.php\/wp-json\/wp\/v2\/pages\/1101","targetHints":{"allow":["GET"]}}],"collection":[{"href":"http:\/\/norwidpasjonaci.pl\/index.php\/wp-json\/wp\/v2\/pages"}],"about":[{"href":"http:\/\/norwidpasjonaci.pl\/index.php\/wp-json\/wp\/v2\/types\/page"}],"author":[{"embeddable":true,"href":"http:\/\/norwidpasjonaci.pl\/index.php\/wp-json\/wp\/v2\/users\/1"}],"replies":[{"embeddable":true,"href":"http:\/\/norwidpasjonaci.pl\/index.php\/wp-json\/wp\/v2\/comments?post=1101"}],"version-history":[{"count":9,"href":"http:\/\/norwidpasjonaci.pl\/index.php\/wp-json\/wp\/v2\/pages\/1101\/revisions"}],"predecessor-version":[{"id":1120,"href":"http:\/\/norwidpasjonaci.pl\/index.php\/wp-json\/wp\/v2\/pages\/1101\/revisions\/1120"}],"up":[{"embeddable":true,"href":"http:\/\/norwidpasjonaci.pl\/index.php\/wp-json\/wp\/v2\/pages\/278"}],"wp:attachment":[{"href":"http:\/\/norwidpasjonaci.pl\/index.php\/wp-json\/wp\/v2\/media?parent=1101"}],"curies":[{"name":"wp","href":"https:\/\/api.w.org\/{rel}","templated":true}]}}

Promocja książki &#8222;Bielski Norwid&#8221;

<figure class="wp-block-image size-large"><img loading="lazy" decoding="async" width="684" height="1024" src="http://norwidpasjonaci.pl/wp-content/uploads/2019/11/1009_0001-1-684x1024.jpg" alt="" class="wp-image-544" srcset="http://norwidpasjonaci.pl/wp-content/uploads/2019/11/1009_0001-1-684x1024.jpg 684w, http://norwidpasjonaci.pl/wp-content/uploads/2019/11/1009_0001-1-200x300.jpg 200w, http://norwidpasjonaci.pl/wp-content/uploads/2019/11/1009_0001-1-768x1149.jpg 768w, http://norwidpasjonaci.pl/wp-content/uploads/2019/11/1009_0001-1-1026x1536.jpg 1026w, http://norwidpasjonaci.pl/wp-content/uploads/2019/11/1009_0001-1-624x934.jpg 624w, http://norwidpasjonaci.pl/wp-content/uploads/2019/11/1009_0001-1.jpg 1176w" sizes="auto, (max-width: 684px) 100vw, 684px" /><figcaption>Promocja książki <em>Bielski Norwid</em> odbyła się w Gminnym Ośrodku Kultury w Bielsku 7 maja 2005 r. Wśród zaproszonych gości byli przedstawiciele Społecznego Komitetu Budowy Pomnika Norwida w Warszawie: Piotr Rotkiewicz (przewodniczący) i Adam Szymański, uczniowie i absolwenci gimnazjum &#8211; członkowie Stowarzyszenia Młodych Poetów im. Cypriana Norwida w Gimnazjum w Bielsku, rodzina, nauczyciele, znajomi  autorki oraz mieszkańcy gminy Bielsk.<br>Promocja książki miała charakter wywiadu. Dziennikarz Leszek Skierski prowadził rozmowę z Wiolettą Żórawską. Uroczystość przebiegała w przyjaznej atmosferze. Odśpiewano Sto lat  dla autorki.</figcaption></figure>
